{"id":69,"date":"2019-06-07T10:04:13","date_gmt":"2019-06-07T10:04:13","guid":{"rendered":"http:\/\/fimcos.gradri.uniri.hr\/?page_id=69"},"modified":"2022-02-07T09:42:45","modified_gmt":"2022-02-07T09:42:45","slug":"publications","status":"publish","type":"page","link":"https:\/\/fimcos.gradri.uniri.hr\/?page_id=69","title":{"rendered":"Publications"},"content":{"rendered":"\n<p>Jeleni\u0107, G. <em>On pure bending in non-linear elasticity: A circular closed-form 2D solution for semi-linear orthotropic material<\/em>. European Journal of Mechanics &#8211; A\/Solids (2021) DOI: <a href=\"https:\/\/www.sciencedirect.com\/science\/article\/pii\/S099775382100070X?via%3Dihub\" data-type=\"URL\" data-id=\"https:\/\/www.sciencedirect.com\/science\/article\/pii\/S099775382100070X?via%3Dihub\" target=\"_blank\" rel=\"noreferrer noopener\">10.1016\/j.euromechsol.2021.104289<\/a><\/p>\n\n\n\n<p>Jeleni\u0107, G. <em>Pure bending in non-linear micropolar elasticity<\/em>. International Journal of Mechanics and Materials in Design (2021) DOI: <a href=\"https:\/\/link.springer.com\/article\/10.1007%2Fs10999-021-09577-3\" data-type=\"URL\" data-id=\"https:\/\/link.springer.com\/article\/10.1007%2Fs10999-021-09577-3\" target=\"_blank\" rel=\"noreferrer noopener\">10.1007\/s10999-021-09577-3<\/a><\/p>\n\n\n\n<p>Jurkovi\u0107, D., \u017dikovi\u0107, L., Papa Duki\u0107, E., &amp; Jeleni\u0107, G. <em>Analiti\u010dka, eksperimentalna i numeri\u010dka analiza \u010distog savijanja aluminijskih nosa\u010da s umjetno proizvedenom strukturom<\/em>. <a rel=\"noreferrer noopener\" href=\"http:\/\/zr.gradri.uniri.hr\/index.php\/zr\/issue\/view\/14\" data-type=\"URL\" data-id=\"http:\/\/zr.gradri.uniri.hr\/index.php\/zr\/issue\/view\/14\" target=\"_blank\">XXIV Zbornik Radova (Gra\u0111evinski Fakultet Sveu\u010dili\u0161ta U Rijeci)<\/a> (2021).<\/p>\n\n\n\n<p>Papa Duki\u0107, E., \u017dikovi\u0107, L. &amp; Jeleni\u0107, G. <em>Experimental analysis of specimens with micro-structure<\/em>. 37th Danubia Adria Symposium on Advances in Experimental Mechanics Linz, Austria (2021). <a href=\"https:\/\/fimcos.gradri.uniri.hr\/wp-content\/uploads\/2022\/02\/DAS37-BookOfAbstracts_-Papa-Dukic_-Zikovic_Jelenic.pdf\" data-type=\"URL\" data-id=\"https:\/\/fimcos.gradri.uniri.hr\/wp-content\/uploads\/2022\/02\/DAS37-BookOfAbstracts_-Papa-Dukic_-Zikovic_Jelenic.pdf\" target=\"_blank\" rel=\"noreferrer noopener\">Paper pdf view<\/a>.<\/p>\n\n\n\n<p>\u017dikovi\u0107, L., Jeleni\u0107, G. <em><em>Primjena fixed-pole interpolacije u dinami\u010dkoj analizi Timo\u0161enkove grede<\/em>.<\/em> 11. susret Hrvatskog dru\u0161tva za mehaniku, Slavonski Brod (2021). <a href=\"https:\/\/fimcos.gradri.uniri.hr\/wp-content\/uploads\/2022\/02\/Cjeloviti_rad_Zikovic_Jelenic.pdf\" data-type=\"URL\" data-id=\"https:\/\/fimcos.gradri.uniri.hr\/wp-content\/uploads\/2022\/02\/Cjeloviti_rad_Zikovic_Jelenic.pdf\" target=\"_blank\" rel=\"noreferrer noopener\">Paper pdf view<\/a>.<\/p>\n\n\n\n<p>\u017dikovi\u0107, L., Jeleni\u0107, G. <em>Fixed-Pole Interpolation in Linear Analysis of Micropolar Continuum<\/em>. <a href=\"https:\/\/yic2021.upv.es\/wp-content\/uploads\/2021\/07\/Book-of-abstracts-YIC2021.pdf\" data-type=\"URL\" data-id=\"https:\/\/yic2021.upv.es\/wp-content\/uploads\/2021\/07\/Book-of-abstracts-YIC2021.pdf\" target=\"_blank\" rel=\"noreferrer noopener\">Book of abstracts<\/a>, VI ECCOMAS YIC Valencia, \u0160panjolska (2021). <a href=\"https:\/\/fimcos.gradri.uniri.hr\/wp-content\/uploads\/2022\/02\/YIC2021_abstract_Zikovic.pdf\" data-type=\"URL\" data-id=\"https:\/\/fimcos.gradri.uniri.hr\/wp-content\/uploads\/2022\/02\/YIC2021_abstract_Zikovic.pdf\" target=\"_blank\" rel=\"noreferrer noopener\">Pdf view.<\/a><\/p>\n\n\n\n<p>Milevoj, A. <em>\u010cisto savijanje uzoraka s izra\u017eenom mikrostrukturom koji su dobiveni 3D printanjem<\/em>. Zavr\u0161ni rad, Sveu\u010dili\u0161te u Rijeci, Gra\u0111evinski fakultet (2020). <a href=\"https:\/\/fimcos.gradri.uniri.hr\/wp-content\/uploads\/2020\/10\/Milevoj-Antonio-rad.pdf\" data-type=\"URL\" data-id=\"https:\/\/fimcos.gradri.uniri.hr\/wp-content\/uploads\/2020\/10\/Milevoj-Antonio-rad.pdf\" target=\"_blank\" rel=\"noreferrer noopener\">Pdf view<\/a>.<\/p>\n\n\n\n<p>Jurkovi\u0107, D. <em>Analiti\u010dka i eksperimentalna analiza \u010distog savijanja heterogenih i homogenih uzoraka<\/em>. Zavr\u0161ni rad, Sveu\u010dili\u0161te u Rijeci, Gra\u0111evinski fakultet (2020). <a href=\"https:\/\/fimcos.gradri.uniri.hr\/wp-content\/uploads\/2020\/10\/Jurkovic-Damjan-rad.pdf\" data-type=\"URL\" data-id=\"https:\/\/fimcos.gradri.uniri.hr\/wp-content\/uploads\/2020\/10\/Jurkovic-Damjan-rad.pdf\" target=\"_blank\" rel=\"noreferrer noopener\">Pdf view.<\/a><\/p>\n\n\n\n<p>\u017dikovi\u0107, L., Jeleni\u0107, G. <em>Fixed-pole interpolacija u linearnoj analizi mikropolarnog kontinuuma.<\/em> 10. susret Hrvatskog dru\u0161tva za mehaniku, Slavonski Brod (2020). <a href=\"https:\/\/fimcos.gradri.uniri.hr\/wp-content\/uploads\/2020\/10\/Cjeloviti_rad_Zikovic_10.HDM_.pdf\" data-type=\"URL\" data-id=\"https:\/\/fimcos.gradri.uniri.hr\/wp-content\/uploads\/2020\/10\/Cjeloviti_rad_Zikovic_10.HDM_.pdf\" target=\"_blank\" rel=\"noreferrer noopener\">Paper pdf view<\/a>.<\/p>\n\n\n\n<p>Grb\u010di\u0107, S., Jeleni\u0107, G. &amp; Ibrahimbegovi\u0107, <em>A. Geometrically non-linear 3D finite-element analysis of micropolar continuum.<\/em> International Journal of Solids and Structures. (2020). <a href=\"https:\/\/fimcos.gradri.uniri.hr\/wp-content\/uploads\/2020\/07\/Grbcic_jelenic_2020_Geometrically-non-linear-3D-.pdf\" target=\"_blank\" rel=\"noreferrer noopener\">Paper pdf view<\/a>. <a href=\"https:\/\/www.sciencedirect.com\/science\/article\/pii\/S0020768320301980?dgcid=author\" target=\"_blank\" rel=\"noreferrer noopener\">Free access to article<\/a>.<\/p>\n\n\n\n<p>Jeleni\u0107, G., Papa Duki\u0107, E., \u017dikovi\u0107, L., \u010ceh, N., Grb\u010di\u0107 Erdelj, S. <em>Pure bending experiments: Techical Report<\/em> (report for internal use), Rijeka (2020).<\/p>\n\n\n\n<p> \u017dikovi\u0107, L., Jeleni\u0107, G. <em>Analiza 2D mikropolarnog kontinuuma metodom kona\u010dnih elemenata.<\/em> Zajedni\u010dki temelji 2019 &#8211; sedmi skup mladih istra\u017eiva\u010da iz podru\u010dja gra\u0111evinarstva i srodnih tehni\u010dkih znanosti: Zbornik radova, p. 7-12., Rijeka (2019).  <a href=\"https:\/\/zt2019.uniri.hr\/wp-content\/uploads\/2020\/02\/zbornik_radova_ZT2019.pdf\" target=\"_blank\" rel=\"noreferrer noopener\">https:\/\/zt2019.uniri.hr\/wp-content\/uploads\/2020\/02\/zbornik_radova_ZT2019.pdf<\/a><\/p>\n\n\n\n<p>Papa Duki\u0107, E., Jeleni\u0107, G. <em>Odre\u0111ivanje materijalnih parametara u 3D printanim uzorcima s izra\u017eenom mikrostrukturom.<\/em> Zbornik radova 9. susreta Hrvatskog dru\u0161tva za mehaniku, p. 245-248., Zagreb (2019). <a href=\"https:\/\/www.csm.hr\/upload_hdm\/sadrzaji\/9_susret_HDM\/Zbornik_9_Susreta_HDM_2019_ZAGREB.pdf\" target=\"_blank\" rel=\"noreferrer noopener\">https:\/\/www.csm.hr\/upload_hdm\/sadrzaji\/9_susret_HDM\/Zbornik_9_Susreta_HDM_2019_ZAGREB.pdf<\/a><\/p>\n\n\n\n<p> \u017dikovi\u0107, L., Jeleni\u0107, G. <em>Primjena metode kona\u010dnih elemenata na ravninsku analizu mikropolarnog kontinuuma.<\/em> Zbornik radova 9. susreta Hrvatskog dru\u0161tva za mehaniku, p. 299-304., Zagreb (2019). <a href=\"https:\/\/www.csm.hr\/upload_hdm\/sadrzaji\/9_susret_HDM\/Zbornik_9_Susreta_HDM_2019_ZAGREB.pdf\" target=\"_blank\" rel=\"noreferrer noopener\">https:\/\/www.csm.hr\/upload_hdm\/sadrzaji\/9_susret_HDM\/Zbornik_9_Susreta_HDM_2019_ZAGREB.pdf<\/a><\/p>\n\n\n\n<p>Grb\u010di\u0107, S., Jeleni\u0107, G. &amp; Ribari\u0107, D. <em>Quadrilateral 2D linked-interpolation finite elements for micropolar continuum.<\/em> Acta Mech. Sin. (2019). <a href=\"https:\/\/link.springer.com\/article\/10.1007\/s10409-019-00870-1\" target=\"_blank\" rel=\"noreferrer noopener\">https:\/\/doi.org\/10.1007\/s10409-019-00870-1 <\/a><\/p>\n","protected":false},"excerpt":{"rendered":"<p>Jeleni\u0107, G. On pure bending in non-linear elasticity: A circular closed-form 2D solution for semi-linear orthotropic material. European Journal of Mechanics &#8211; A\/Solids (2021) DOI: 10.1016\/j.euromechsol.2021.104289 Jeleni\u0107, G. Pure bending in non-linear micropolar elasticity. International Journal of Mechanics and Materials &hellip; <a href=\"https:\/\/fimcos.gradri.uniri.hr\/?page_id=69\">Continue reading <span class=\"meta-nav\">&rarr;<\/span><\/a><\/p>\n","protected":false},"author":7,"featured_media":0,"parent":0,"menu_order":5,"comment_status":"closed","ping_status":"closed","template":"","meta":[],"_links":{"self":[{"href":"https:\/\/fimcos.gradri.uniri.hr\/index.php?rest_route=\/wp\/v2\/pages\/69"}],"collection":[{"href":"https:\/\/fimcos.gradri.uniri.hr\/index.php?rest_route=\/wp\/v2\/pages"}],"about":[{"href":"https:\/\/fimcos.gradri.uniri.hr\/index.php?rest_route=\/wp\/v2\/types\/page"}],"author":[{"embeddable":true,"href":"https:\/\/fimcos.gradri.uniri.hr\/index.php?rest_route=\/wp\/v2\/users\/7"}],"replies":[{"embeddable":true,"href":"https:\/\/fimcos.gradri.uniri.hr\/index.php?rest_route=%2Fwp%2Fv2%2Fcomments&post=69"}],"version-history":[{"count":18,"href":"https:\/\/fimcos.gradri.uniri.hr\/index.php?rest_route=\/wp\/v2\/pages\/69\/revisions"}],"predecessor-version":[{"id":515,"href":"https:\/\/fimcos.gradri.uniri.hr\/index.php?rest_route=\/wp\/v2\/pages\/69\/revisions\/515"}],"wp:attachment":[{"href":"https:\/\/fimcos.gradri.uniri.hr\/index.php?rest_route=%2Fwp%2Fv2%2Fmedia&parent=69"}],"curies":[{"name":"wp","href":"https:\/\/api.w.org\/{rel}","templated":true}]}}